-1636)/6)/((-28)/42). Suppose -5*j - 91 = q. Let o = -36 - j. Calculate the greatest common factor of o and 160.
32
Let x = 319 - 307. What is the greatest common divisor of 528 and x?
12
Let q = 1986 + -1941. What is the highest common factor of 165 and q?
15
Let z(j) = 28*j - 82*j - 2 - 19*j + 0. Let y be z(-2). Calculate the highest common factor of 16 and y.
16
Let d be (-2)/((-8)/52) - 1. Suppose 5*u - 4*j = -356, 3*j + 148 = -2*u - j. Let v be (3/(-2))/(6/u). What is the greatest common divisor of d and v?
6
Let d(r) = -9 - 23*r - 22*r + 38*r + 2*r**2. Suppose -22 = -2*o - 5*t + 3, -2*o = -3*t - 17. Let j be d(o). Calculate the greatest common factor of j and 11.
11
Suppose -x - 5*a + 56 = 0, -4*x = 6*a - 5*a - 129. What is the greatest common factor of x and 1519?
31
Suppose 14*v - 1050 = 196. Suppose -5*o + 182 = -3*a, -25 - v = -3*o + 3*a. Calculate the highest common factor of 17 and o.
17
Let c = 49 - 48. Calculate the greatest common factor of 13 and c.
1
Suppose -42*s + 9*s + 1312 = -7301. Let o be 1*(-58)/4*-2. Calculate the greatest common factor of o and s.
29
Let t(i) = -i**2 + 14*i - 4. Let x be t(12). Calculate the highest common divisor of 380 and x.
20
Suppose -c + 0*v = -4*v + 6, 0 = c - 5*v + 8. Suppose c*t - 108 = -t. Let x = 1636 - 1632. Calculate the highest common factor of t and x.
4
Suppose 4*o - 14*o + 100 = 0. Let u(q) = -q + 1. Let n be u(-3). Let s be (n/7)/((-12)/(-42)). Calculate the greatest common divisor of o and s.
2
Suppose 2 = -2*y, -5*f - 2*y + 0*y = -238. Let l(z) = -z - 1. Let v = 11 + -18. Let j be l(v). What is the greatest common divisor of f and j?
6
Suppose -d - 3*d = -200. Suppose -v + 4*n = 2*v - 60, 2*v - 3*n = 40. Calculate the greatest common factor of d and v.
10
Suppose -3*x + 3*k - 9 = -0*k, 4*x - 2*k + 4 = 0. Let v(a) = 4*a + 1. Let y be v(1). Suppose -26 = -y*m - x. Calculate the highest common factor of m and 2.
1
Let b(k) be the third derivative of k**6/120 + k**5/20 - k**4/8 - 4*k**3/3 - k**2. Let p be b(4). What is the greatest common divisor of p and 23?
23
Let m(q) = -q**2 + 54*q + 118. Let g be m(56). What is the greatest common divisor of g and 81?
3
Let x(v) = 7*v**2 + 6*v + 5. Let r be x(-6). Let w(c) = 25*c**2 - 124*c + 12. Let u be w(5). Calculate the greatest common factor of u and r.
17
Let q(n) = -9*n**2 - 12 + n**3 - 218*n + 218*n. Let i be q(10). Suppose 3*u + 45 = 3*k, -2*k + u + 59 = 3*k. Calculate the highest common divisor of i and k.
11
Let k(c) = c**2 - 13*c + 50. Let b be k(8). Calculate the highest common divisor of 320 and b.
10
Suppose -2715 = -3*i - 4*m, 5*i - 5*m = -10*m + 4520. Calculate the greatest common divisor of i and 53.
53
Suppose -7*i = -132 + 48. Let n = 48 - 30. Calculate the greatest common divisor of i and n.
6
Suppose -4*z - d = 3, -z - z + 4*d = -12. Suppose 3*y - 156 = -z*y. What is the greatest common divisor of y and 130?
26
Let g(s) = -s + 9. Let r be g(-13). What is the highest common factor of 22 and r?
22
Let l(b) = b**3 - 19*b**2 - b + 39. Let s be l(19). Calculate the highest common factor of s and 370.
10
Let o = 26 - 22. Suppose -1 = l - o. Suppose -51 - 87 = -l*r. What is the highest common factor of r and 23?
23
Suppose 5*x + 0*d - 159 = 3*d, 5*x - 153 = d. Let f be 7 + -8 + 2 - (3 - 22). Calculate the highest common factor of x and f.
10
Let x = -57 - -1. Let c be ((-3)/2)/(4/x). Suppose 5*a - 2*o + c - 110 = 0, -2*o = 2*a - 44. What is the highest common factor of a and 171?
19
Suppose 37*d - 10 = 32*d. Let r = -10 - -19. Suppose r + 13 = d*u. What is the greatest common factor of 44 and u?
11
Let b(n) = 2*n**3 + 2*n**2 + 4*n. Let j be b(4). Let g = 5595 - 5579. Calculate the highest common factor of g and j.
16
Suppose 4*s = 23 - 3. Let u(d) = d + 1. Let c be u(1). What is the highest common divisor of c and s?
1
Suppose 0 = 14*q - 0*q - 1120. What is the highest common factor of q and 5?
5
Suppose -p = -3*v - 141, 7*v = -p + 4*v + 159. Calculate the highest common divisor of 45 and p.
15
Let c be (40 - -4 - 0)/2. Let h = -12 + c. What is the greatest common factor of h and 1?
1
Suppose 0 = h - 2*d - 101, 2*h = h - 3*d + 96. What is the highest common factor of h and 11?
11
Let a(h) = -h**2 + 12*h - 5. Let w be a(11). Suppose 0 = 5*r - 26 + w, 5*g = -r + 129. Calculate the highest common factor of 150 and g.
25
Let l = -12 - -17. Suppose l*a = -137 + 712. Calculate the greatest common divisor of 46 and a.
23
Let f(p) = -p**3 - 7*p**2 - 4*p. Let y be f(-7). Let x(w) = -w + 1. Let l be x(-7). Calculate the greatest common factor of l and y.
4
Suppose 0 = -5*u - 2*i + 17, 4*i = -4*u + i + 15. Suppose u*c + 2*v = 226, 5*c - c + 2*v = 298. What is the greatest common divisor of c and 9?
9
Let d(n) = 125*n + 256. Let l be d(-2). Suppose 4*a = 196 - 4. Calculate the greatest common factor of l and a.
6
Let r(a) = 15*a**2 - a - 7. Let y be r(5). Suppose -4*l + 344 = -2*j, -4*l + j - 21 = -y. Calculate the greatest common factor of l and 5.
5
Let f(a) = -a + 1. Let d be (2 - -2) + -2 - 0. Let z be -10 + 6 + -1*d. Let p be f(z). Calculate the highest common divisor of p and 7.
7
Let w be ((-80)/(-48))/(2/(-90)). Let j = w - -89. What is the greatest common divisor of j and 42?
14
Let a = 73 + -55. Suppose -4*b + a = -3*b. Suppose t + 12 = 3*t. What is the highest common divisor of t and b?
6
Suppose 0 = 4*s - 0*s. Suppose -x = -s*x - 3. Let j be 8/12*x - 0. Calculate the highest common factor of 5 and j.
1
Let n = -526 - -340. Let p be n/(-15) + (-4)/10. What is the highest common divisor of p and 8?
4
Suppose 0 = -2*l - 0*a - 2*a + 190, 4*l - a - 400 = 0. Suppose 0 = 4*i - 153 - l. What is the greatest common divisor of i and 7?
7
Let d be 2/(-2) + -2 + 21. Let g = -55 - -99. Let f be -2*27*g/(-12). What is the greatest common divisor of f and d?
18
Suppose 3 = -5*m + 38. Let b be (-15)/4*4/(-3). Suppose m = b*s - 28. What is the greatest common factor of 14 and s?
7
Let j be (-10)/(-6)*(-9)/(-5). Suppose -3*m + 240 = j*m. Calculate the greatest common divisor of 16 and m.
8
Suppose g + 3852 = 13*g. Let z = g + -216. What is the greatest common divisor of z and 70?
35
Let o(j) = -3*j**2 - 9*j - j**3 + 4*j - 3 + 2. Let i = 21 + -25. Let v be o(i). What is the highest common factor of v and 7?
7
Let j be (-5 + -1)/((-2)/10). Suppose -f + 9 = f - 5*d, -31 = 2*f + 3*d. Let y be 62/6 - 3 - f/(-6). What is the greatest common divisor of j and y?
6
Suppose -15 = -3*k - 4*p + 533, -714 = -4*k + 3*p. Suppose -5*w + k = w. Calculate the greatest common factor of w and 330.
30
Let t = 14 + -11. Suppose -t*u + 27 = 4*k, 3*k + 1 - 5 = u. Suppose u*n - 2*n = 21. Calculate the greatest common factor of n and 70.
7
Let g = 15 - 6. Let i(z) = -z**2 + 224*z - 1518. Let j be i(7). What is the greatest common divisor of g and j?
1
Suppose 4*h - 2*s = -s + 12, 0 = s + 4. Calculate the greatest common factor of 14 and h.
2
Suppose -5*m = -39 - 91. Suppose -187 = -9*z + 164. What is the highest common factor of z and m?
13
Suppose -254*k = -264*k + 570. What is the highest common factor of k and 456?
57
Let r(o) = -4*o + 2*o - 25 + 0 + 6. Let u be r(-14). Suppose 0 = 11*v - u*v - 96. What is the greatest common factor of 6 and v?
6
Let b(f) = -f**2 - 3*f + 14. Let m be b(-6). Let l = 94 + m. Suppose -4*y - l = -6*y. What is the highest common factor of y and 15?
15
Let g(s) = s**3 - 17*s**2 - 42*s + 87. Let d be g(19). Suppose -238 = -3*n - 7. Calculate the highest common divisor of n and d.
11
Let l(h) = -4*h - 22. Suppose -d - 18 + 11 = 0. Let m be l(d). Calculate the highest common divisor of 18 and m.
6
Let d = -1114 - -1120. Calculate the greatest common factor of d and 138.
6
Suppose -4*z + 0 = s - 19, -2*s + 31 = z. Calculate the highest common divisor of 705 and s.
15
Let k = 53 - 35. Let j be 906/1963 - (-222)/26. What is the greatest common factor of j and k?
9
Suppose -2*k - 2 = -6. Let o(x) = 2*x - 14. Let p be o(9). Let v = p + k. What is the highest common factor of v and 24?
6
Suppose 3*m - 223 = -5*n + 365, -m - 2*n + 196 = 0. Calculate the highest common divisor of 833 and m.
49
Suppose -r = 11*l - 9*l - 2843, 3*l + 4*r - 4267 = 0. Calculate the greatest common divisor of 49 and l.
49
Let c(d) be the third derivative of -7*d**4/8 + 3*d